3 + a. Suppose -p + g + h = 0, -25 - 7 = -p - 4*g. Does 8 divide p?
True
Let r = -2 - -8. Is 2 a factor of r?
True
Let z be 6/(((-18)/4)/3). Let b = 39 + z. Is 8 a factor of b?
False
Let h(c) = -3 + 17*c + 0 + 4. Is 23 a factor of h(5)?
False
Let k = 70 - 26. Is k a multiple of 23?
False
Is 14 a factor of 3/12 + 1002/24?
True
Let n(y) be the third derivative of y**6/120 - y**5/12 - y**4/12 - y**3/6 - y**2. Does 14 divide n(6)?
False
Is 18 a factor of 4/(-12) + (-542)/(-6)?
True
Let j be (0 + -2)*(-3 + 1). Suppose 61 = i + y, 4*i - j*y = -161 + 429. Is 24 a factor of i?
False
Let m be ((-6)/(-12))/((-2)/(-4)). Let t be (m - 9) + -5 + 2. Let h = 23 + t. Does 10 divide h?
False
Let c be 30/8*(-32)/(-6). Does 10 divide 5/c - (-67)/4?
False
Let y be ((-6)/(-10) - 1)*-20. Suppose 4*w - 2*t - 88 = y, 2*w - 48 = 3*t. Is w a multiple of 12?
True
Suppose 0*i - 29 = -i. Does 14 divide i?
False
Let k = 6 + -8. Is (k/4)/(2/(-188)) a multiple of 18?
False
Suppose 4*m - 108 = 32. Let u = m - 2. Is 11 a factor of u?
True
Let s be -3*(175/(-3))/5. Let o be s/15 - 2/(-3). Suppose z + 4 = -2*d + 24, -2*d = o*z - 80. Does 13 divide z?
False
Suppose w + 2*w = 516. Let z = -113 + w. Suppose 182 = 3*o + z. Does 17 divide o?
False
Suppose 5*d - 60 = 3*d. Does 5 divide d?
True
Suppose 2*p = -3*n + 35, 4*p = -n - 0 - 5. Does 5 divide n?
True
Suppose 3*z = 16 - 4. Suppose 0 = -3*d - 6, z*x - 2*d = -4*d + 72. Does 12 divide x?
False
Let q be (-82)/(-4) + (-3)/(-6). Suppose 0 = -4*t + q + 19. Is t a multiple of 5?
True
Let w = 87 + -47. Is 15 a factor of w?
False
Suppose -3*u + 351 = -3*c - 642, -3*c - 986 = 4*u. Let g be ((-1)/(-2))/((-3)/c). Suppose 0 = j - 6*j + g. Is j a multiple of 11?
True
Let g = -42 - -126. Does 7 divide g?
True
Suppose 0 + 6 = 2*r. Suppose 5*p = j + 25, r*p - 15 = 3*j - 0*j. Suppose -2*b = -6*b - p*l - 7, -3*b = 3*l + 3. Is b a multiple of 2?
True
Let k(y) = 10*y**2 + 1. Let b be (-9)/(-12) - 3/(-12). Is k(b) a multiple of 9?
False
Let k(o) = 37*o**3 - 2*o**2 + 1. Let c be k(1). Suppose -2*x = x - c. Is x a multiple of 8?
False
Let y be (-87)/(-15) + (-3)/(-15). Is (-477)/y*(-8)/12 a multiple of 17?
False
Suppose -2*h = 2*s + 2, -3*s = -2*h - 6*s - 7. Suppose 0 = 3*p - 3, 5*l - h*p = -9*p + 145. Is l a multiple of 14?
True
Let l(y) = -164*y + 7. Is 22 a factor of l(-1)?
False
Suppose 3*q = -3*c + 3, 3*c + 14 = 2*q - c. Suppose 2*l + 94 = q*l. Does 32 divide l?
False
Suppose -15 = -5*r - 0*r. Let z(g) be the first derivative of 2*g**3 + g**2/2 + 4*g - 1. Is 23 a factor of z(r)?
False
Suppose 0*z - 3*t = 2*z + 3, 2*t = -6. Suppose -z*f + 12 = -0*f. Is f a multiple of 2?
True
Let z be (0 - -27)/((-6)/(-8)). Suppose 0 = -b - b + 5*t + 72, b = 5*t + z. Is b a multiple of 21?
False
Suppose -4*f - 108 = -7*f. Is 8/f + 320/18 a multiple of 10?
False
Let a(z) = 15 - 9*z - 4 + z**2 + 2*z**2 - z**2. Is a(5) a multiple of 13?
False
Suppose 0 = -11*d - d + 1176. Is d a multiple of 10?
False
Suppose 3*n - 5 = -2*n. Let j(o) = -n + 4*o - o + o. Is j(2) a multiple of 3?
False
Let b(o) = -5*o**2 + 6*o - 7. Let u be b(6). Let m = -106 - u. Suppose 5*t - m - 35 = 0. Is 7 a factor of t?
False
Let q(v) = v**3 - 5*v**2 - v + 7. Let r be q(5). Suppose 3*j = -h + 89, -4*j + 3*h + r*h = -125. Does 15 divide j?
True
Let z(r) = 11*r**3 - 14*r**2 + 3*r + 5. Let q(p) = 4*p**3 - 5*p**2 + p + 2. Let w(x) = -8*q(x) + 3*z(x). Let i = 19 + -16. Does 3 divide w(i)?
False
Suppose -5*f + 3 = 4*x, -5*f - 1 = 3*x - 2. Let g(q) = 32*q**2 - q - 1. Is g(f) a multiple of 16?
True
Let x(a) = -a**3 + 6*a**2 + 8*a - 4. Let f be x(7). Suppose -t = -f*t. Suppose t = k + 4*k + 5, 4*r - 40 = -4*k. Does 11 divide r?
True
Suppose -k = -5*l - 5*k + 151, 5*l - 127 = 2*k. Let v = l + -15. Does 12 divide v?
True
Let f be (-1)/((3/(-4))/3). Let l be (-1)/(f/6 + -1). Suppose l*n + n = 44. Is 11 a factor of n?
True
Suppose 5*q = -o - 23, -2*q + 2*o = q + 6. Let t be 34/6 - q/12. Is 6 a factor of 4/(((-4)/(-2))/t)?
True
Let x = -10 - -134. Does 31 divide x?
True
Let b(i) = -i**2 + 1. Let u be b(-1). Suppose -4*c + 3 + 13 = u. Does 19 divide -1 + 4/(c/51)?
False
Suppose -f = 29 - 35. Does 3 divide f?
True
Does 10 divide ((-50)/(-4))/(((-15)/36)/(-5))?
True
Does 21 divide (10/(-3) + 4)*6 + 248?
True
Let s = -24 - -4. Let z = s + 52. Is z a multiple of 8?
True
Let u be ((-21)/(-2))/((-3)/(-40)). Suppose -4*p = 8 - u. Is p a multiple of 14?
False
Let d(b) = 44*b**2 - b. Is d(-1) a multiple of 9?
True
Suppose -4*w = 2*q - 5*q - 13, -3*q - 5 = -2*w. Is 13*q*(-18)/(-6) a multiple of 13?
True
Let s(d) = -42*d - 3. Let m be s(-2). Suppose z = 2*z - 1, 2*o - m = 3*z. Suppose 2*w + 4 = -0, q - o = -4*w. Does 13 divide q?
False
Let d = 22 + -10. Let s(g) = 2*g**3 - 3*g**2 + g - 2. Let c be s(2). Let k = d - c. Is k a multiple of 4?
True
Is 1081/141*(1 + -2 + 10) a multiple of 23?
True
Let p(x) be the second derivative of -x**5/20 - 7*x**4/12 + x**3/6 + 2*x**2 + 2*x. Let k(v) = -v - 14. Let b be k(-6). Is 22 a factor of p(b)?
False
Suppose v = -0 + 2. Let s(d) = d**3 + 0*d**2 - 5*d**v + 4*d + 4*d**3 - 7 - 4*d**3. Is 4 a factor of s(5)?
False
Is 6 a factor of (-178)/(-6) - (-20)/(-30)?
False
Suppose 2*g - 35 = -3*g - y, 5*y - 1 = 4*g. Suppose 2*q + 56 = g*q. Does 5 divide q?
False
Suppose 12 = -0*n - 4*n. Is 16 a factor of (0/2)/n + 32?
True
Let n(b) = b**2 - 2*b + 14. Is n(0) a multiple of 14?
True
Let c = -5 - -17. Suppose 3*v + 28 = g + 4, -3*v + c = 0. Does 18 divide g?
True
Suppose 20*p = 829 - 169. Does 3 divide p?
True
Let y be (4/(-2) + 2)/2. Is 2 - y - (-46 - 5) a multiple of 13?
False
Let c = 6 - 14. Is (-196)/c - 1/2 a multiple of 6?
True
Suppose 2*t - 287 = -5*l, 0 = -t - 2 - 2. Suppose 3*v - l = d, 9 = 2*v - v + 5*d. Is v a multiple of 13?
False
Suppose s = 9 - 2. Let k = 9 - s. Suppose 3*t = -k*v + 123, 4*v = -t + 5*t - 144. Is t a multiple of 13?
True
Does 13 divide 39/6*(-20)/(-5)?
True
Let r = 35 - 28. Does 2 divide r?
False
Let b = -103 + 124. Does 16 divide b?
False
Suppose 0 = -10*p + 1250 + 2420. Is p a multiple of 42?
False
Let s(t) = -4*t - 1. Let n be s(-6). Suppose 4*d = -4*j - 20, -3*j + 0*d + 5*d = n. Let y(a) = -5*a - 4. Is y(j) a multiple of 17?
False
Let v be 15/(0 - -3) - -3. Let u = -4 + v. Suppose 29 = -u*t + 105. Is 17 a factor of t?
False
Let z(o) = 4*o**2 - o + 2. Let t be z(1). Suppose -t*r + 3*r + 78 = 0. Is 13 a factor of r?
True
Let m = 90 - 18. Suppose 2*w + 2*w = m. Is 10 a factor of w?
False
Let n be -9*((-6)/27 - 0). Let o(d) = -3*d**3 - 20*d**2 + 9*d - 20. Let i(q) = -q**3 - 7*q**2 + 3*q - 7. Let p(m) = 17*i(m) - 6*o(m). Does 7 divide p(n)?
True
Let m = -17 + -22. Let z = m - -74. Is z a multiple of 8?
False
Suppose 6*l = 5*l. Suppose c - 2*c + 43 = l. Is 13 a factor of c?
False
Let g(d) = -d**2 - 5*d + 1. Let u be g(-5). Is (0 + u + 33)/2 a multiple of 11?
False
Let b = 58 + -23. Let r = b - 25. Is r a multiple of 5?
True
Suppose 5*j + 19 = -4*u - 0*j, 3*j + 7 = 2*u. Let k = u + 4. Suppose 0 = 2*r + 3*o - k - 39, 3*r - 57 = -3*o. Is 15 a factor of r?
True
Let z be (-4)/((-10)/8 + 1). Suppose -5*h = -3*g + z, 0 = -g - 0*g + 4*h + 10. Suppose -g*v + 23 = -v. Is v a multiple of 12?
False
Let n(q) be the second derivative of -q**6/120 + q**5/10 + q**4/8 + 5*q**3/6 - q**2 - q. Let a(y) be the first derivative of n(y). Is a(6) a multiple of 23?
True
Let y be (-5 - -1)*(-1)/2. Let w be 35/10 - y/(-4). Suppose w*c - 32 = -a, 4*a + 6 + 1 = -c. Does 3 divide c?
True
Let r = 8 - 14. Let x be r/(-24) + 3/4. Suppose 9 = l + x. Does 3 divide l?
False
Let j = 120 + -103. Does 5 divide j?
False
Suppose -f + 17 = 3*i, 3*f - 3*i - 121 = 2*i. Is 20 a factor of f?
False
Let q(p) = -p - 1. Let u be q(-3). Let j(w) = 3 - 11 + 9*w + u*w + 7*w**2 - w**3. Is 8 a factor of j(8)?
True
Suppose l = -0*l. Let q(s) = -29*s**3 + s**2 + s + 1. Let m be q(-1). Suppose -m = -2*k - 2*j, -3*j + 25 = k - l*k. Does 5 divide k?
True
Suppose 4 = f - 0. Suppose 3*c - 10 = 5*z - 2*c, -3*z - f*c + 29 = 0. Is 3 a factor of z?
True
Suppose 2*h = t + 6, -5*h + 4 = t + 3. Let f = t - -6. Suppose -12 - f = -r. Is 7 a factor of r?
True
Let r = -3 + 5. Suppose -r*x - x = 45. Let u = x - -35. Is 8 a factor of u?
False
Let f(g) = -2*g. Let x be f(-2). Let l be 3/(-12) - (-1)/x. Suppose l*a - 4 = -a. Is 2 a factor of a?
T